{"id":1599,"date":"2022-04-05T09:12:01","date_gmt":"2022-04-05T09:12:01","guid":{"rendered":"https:\/\/www.metef.com\/convegno-internazionale-alluminio-verde\/"},"modified":"2022-06-06T14:33:08","modified_gmt":"2022-06-06T14:33:08","slug":"convegno-internazionale-alluminio-verde","status":"publish","type":"page","link":"https:\/\/www.metef.com\/it\/convegno-internazionale-alluminio-verde\/","title":{"rendered":"Convegno Internazionale sull\u2019Alluminio Verde"},"content":{"rendered":"[vc_row equal_height=&#8221;yes&#8221; el_class=&#8221;my-1&#8243;][vc_column][vc_row_inner equal_height=&#8221;yes&#8221; content_placement=&#8221;top&#8221;][vc_column_inner el_class=&#8221;px-lg-5&#8243; width=&#8221;2\/3&#8243;][vc_column_text]\n<h2>ALLUMINIO VERDE: il materiale del futuro per la flessibilit\u00e0 tecnologica, economica circolare, riciclabilit\u00e0 ed efficienza energetica<\/h2>\n[\/vc_column_text][vc_message message_box_color=&#8221;alert-warning&#8221; icon_type=&#8221;openiconic&#8221; icon_openiconic=&#8221;vc-oi vc-oi-calendar-inv&#8221;]\n<h5>Seconda tappa: 9 giugno | METEF ARENA PAD 32 B33<\/h5>\n[\/vc_message][vc_empty_space height=&#8221;8px&#8221;][vc_column_text]Con la<strong> transizione ecologica<\/strong> siamo di fronte a un passaggio che metter\u00e0 ulteriormente in luce le uniche qualit\u00e0 del metallo leggero non solo dal punto di vista tecnico ma anche in termini di <strong>sostenibilit\u00e0 ambientale e sociale<\/strong>.<\/p>\n<p>La rapida percezione che gli utilizzatori hanno nei confronti delle materie prime avr\u00e0 conseguenze significative per il futuro del settore: da un lato, i meccanismi trasparenti di compensazione del carbonio fungeranno da potente strumento per sostenere l&#8217;immagine e il futuro dell&#8217;alluminio e potranno essere utilizzati per acquistare responsabilmente metallo con la pi\u00f9 bassa impronta di carbonio; dall&#8217;altro, man mano che il &#8220;<strong>verde dell\u2019alluminio<\/strong>&#8221; si fa strada nel mercato trainante di fascia alta, crescer\u00e0 la pressione positiva indiretta sugli altri attori mondiali\u00a0 del mercato ad ogni livello per intensificare il processo di decarbonizzazione di\u00a0 questa nostra industria e non solo.<\/p>\n<p>Il <strong>sistema dell\u2019alluminio<\/strong> non sar\u00e0 soltanto un protagonista per una transizione green attesa e pressante, ma costituir\u00e0 anche <strong>un modello da seguire come esempio per realizzare questa profonda\u00a0rivoluzione<\/strong>.<\/p>\n<p>Gli specialisti del mondo della cultura metallurgica e tecnologica e del mondo dell\u2019industria presenteranno i temi fondamentali sulle principali qualit\u00e0 dell\u2019alluminio e le sue leghe in termini di <strong>flessibilit\u00e0 tecnologica, economia circolare ed ecosostenibilit\u00e0<\/strong> per valorizzarne il suo impiego nelle diverse applicazioni finali.[\/vc_column_text][vc_column_text]<a class=\"btn btn-lg btn-primary\" href=\"https:\/\/www.metef.com\/it\/convegno-internazionale-alluminio-verde-brescia\/\">Programma prima tappa \u00bb<\/a> <a class=\"btn btn-lg btn-primary\" href=\"#Programma\">Programma seconda tappa \u00bb<\/a>[\/vc_column_text][vc_empty_space height=&#8221;12px&#8221;][vc_text_separator title=&#8221;Sponsored by&#8221; title_align=&#8221;separator_align_left&#8221;][vc_column_text]<img decoding=\"async\" loading=\"lazy\" class=\"alignnone wp-image-2046\" src=\"\/public\/uploads\/sites\/20\/hydro_logo_vertical_blue-300x212.png\" alt=\"\" width=\"308\" height=\"217\" srcset=\"\/public\/uploads\/sites\/20\/hydro_logo_vertical_blue-300x212.png 300w, \/public\/uploads\/sites\/20\/hydro_logo_vertical_blue-768x544.png 768w, \/public\/uploads\/sites\/20\/hydro_logo_vertical_blue.png 842w\" sizes=\"(max-width: 308px) 100vw, 308px\" \/>[\/vc_column_text][vc_empty_space height=&#8221;12px&#8221;][\/vc_column_inner][vc_column_inner el_class=&#8221;p-1 p-sm-3 p-lg-4 bg-darker&#8221; width=&#8221;1\/3&#8243; offset=&#8221;vc_hidden-xs&#8221;][vc_wp_custommenu nav_menu=&#8221;14&#8243;][\/vc_column_inner][\/vc_row_inner][\/vc_column][\/vc_row][vc_row el_id=&#8221;Programma&#8221;][vc_column el_class=&#8221;px-lg-5&#8243;][vc_row_inner][vc_column_inner el_class=&#8221;px-lg-5&#8243;][vc_separator color=&#8221;juicy_pink&#8221;][vc_empty_space height=&#8221;12px&#8221;][vc_column_text]\n<h3 style=\"text-align: left\"><strong>Programma Convegno Internazionale sull\u2019alluminio verde &#8211; 2a tappa<br \/>\n9 giugno 2022 | 10.30 &#8211; 12.30<br \/>\n<\/strong><\/h3>\n[\/vc_column_text][vc_column_text]Dopo la prima tappa svoltasi in Confindustria Brescia il 4 maggio altri specialisti del mondo della cultura metallurgica e tecnologica e del mondo dell\u2019industria presenteranno i temi fondamentali sulle principali qualit\u00e0 dell\u2019alluminio e le sue leghe in termini di flessibilit\u00e0 tecnologica, economia circolare ed ecosostenibilit\u00e0 per valorizzarne il suo impiego nelle diverse applicazioni finali.[\/vc_column_text][\/vc_column_inner][\/vc_row_inner][vc_empty_space height=&#8221;12px&#8221;][vc_row_inner][vc_column_inner el_class=&#8221;px-lg-5&#8243; width=&#8221;3\/4&#8243;][vc_column_text]\n<h5>Le oscillazioni dei prezzi dei mercati finanziari in tempo di guerra. Il caso Alluminio. Come il Risk management pu\u00f2 aiutare concretamente il consumatore a proteggere i propri margini<\/h5>\n<p><em>Paolo Kauffmann \u2013 Matherika Group Sa<\/em>[\/vc_column_text][vc_separator][vc_column_text]\n<h5>Le prospettive e la competitivit\u00e0 del sistema dell\u2019alluminio in UE, minacce, opportunit\u00e0 e strategie.<\/h5>\n<p><em>Cesare Pozzi \u2013 Universit\u00e0 Luiss<\/em>[\/vc_column_text][vc_separator][vc_column_text]\n<h5>Green Products: Hydro REDUXA<\/h5>\n<p><em>Cristina Espezel \u2013 Hydro Aluminium Metal Products<\/em>[\/vc_column_text][vc_separator][vc_column_text]\n<h5>Plasmare insieme un mondo sostenibile: le azioni di Novelis per promuovere la sostenibilit\u00e0 e la circolarit\u00e0.<\/h5>\n<p><em>Valeria Superti &#8211; Novelis Europe<\/em>[\/vc_column_text][vc_separator][vc_column_text]\n<h5>Alluminio green: metodo di calcolo della carbon footprint di prodotto certificato EPD<\/h5>\n<p><em>Michela Scalfi e Silvia Stefani &#8211; Raffmetal<\/em>[\/vc_column_text][vc_separator][vc_column_text]\n<h5>Produzione di alluminio metallico con un nuovo sistema brevettato, senza generazione di fanghi rossi inquinanti e con abbassamento dei consumi energetici<\/h5>\n<p><em>Tullia Zucca &#8211; Studio tecnico Ingegneria Industriale e Civile<\/em>[\/vc_column_text][vc_separator][vc_column_text]\n<h5>Approfondimenti sul riutilizzo dei sottoprodotti dell&#8217;industria dell&#8217;alluminio secondario rivolti ai settori delle energie rinnovabili e dei nuovi materiali tecnologici<\/h5>\n<p><em>Roberto Ercoli, Alberto Renzulli &#8211; Dipartimento di Scienze Pure e Applicate, Universit\u00e0 degli Studi di Urbino Carlo Bo<\/em>[\/vc_column_text][\/vc_column_inner][vc_column_inner width=&#8221;1\/4&#8243;][\/vc_column_inner][\/vc_row_inner][\/vc_column][\/vc_row][vc_row][vc_column][vc_empty_space][\/vc_column][\/vc_row][vc_row][vc_column][vc_column_text]\n<p style=\"text-align: center\"><a class=\"btn btn-lg btn-primary my-1\" href=\"https:\/\/eventi.senaf.it\/login.php?ide=916\" target=\"_blank\" rel=\"noopener\">Registrati e accedi al programma convegni ufficiale di METEF 2022<\/a><\/p>\n[\/vc_column_text][\/vc_column][\/vc_row]\n","protected":false},"excerpt":{"rendered":"<p>[vc_row equal_height=&#8221;yes&#8221; el_class=&#8221;my-1&#8243;][vc_column][vc_row_inner equal_height=&#8221;yes&#8221; content_placement=&#8221;top&#8221;][vc_column_inner el_class=&#8221;px-lg-5&#8243; width=&#8221;2\/3&#8243;][vc_column_text] ALLUMINIO VERDE: il materiale del futuro per la flessibilit\u00e0 tecnologica, economica circolare, riciclabilit\u00e0 ed efficienza energetica [\/vc_column_text][vc_message message_box_color=&#8221;alert-warning&#8221; icon_type=&#8221;openiconic&#8221; icon_openiconic=&#8221;vc-oi vc-oi-calendar-inv&#8221;] Seconda tappa: 9 giugno | METEF ARENA PAD 32 B33 [\/vc_message][vc_empty_space height=&#8221;8px&#8221;][vc_column_text]Con la transizione ecologica siamo di fronte a un passaggio che metter\u00e0 ulteriormente in luce le [&hellip;]<\/p>\n","protected":false},"author":12,"featured_media":1826,"parent":0,"menu_order":0,"comment_status":"closed","ping_status":"closed","template":"","meta":[],"acf":[],"aioseo_notices":[],"_links":{"self":[{"href":"https:\/\/www.metef.com\/it\/wp-json\/wp\/v2\/pages\/1599"}],"collection":[{"href":"https:\/\/www.metef.com\/it\/wp-json\/wp\/v2\/pages"}],"about":[{"href":"https:\/\/www.metef.com\/it\/wp-json\/wp\/v2\/types\/page"}],"author":[{"embeddable":true,"href":"https:\/\/www.metef.com\/it\/wp-json\/wp\/v2\/users\/12"}],"replies":[{"embeddable":true,"href":"https:\/\/www.metef.com\/it\/wp-json\/wp\/v2\/comments?post=1599"}],"version-history":[{"count":3,"href":"https:\/\/www.metef.com\/it\/wp-json\/wp\/v2\/pages\/1599\/revisions"}],"predecessor-version":[{"id":2229,"href":"https:\/\/www.metef.com\/it\/wp-json\/wp\/v2\/pages\/1599\/revisions\/2229"}],"wp:featuredmedia":[{"embeddable":true,"href":"https:\/\/www.metef.com\/it\/wp-json\/wp\/v2\/media\/1826"}],"wp:attachment":[{"href":"https:\/\/www.metef.com\/it\/wp-json\/wp\/v2\/media?parent=1599"}],"curies":[{"name":"wp","href":"https:\/\/api.w.org\/{rel}","templated":true}]}}

[vc_row equal_height=&#8221;yes&#8221; el_class=&#8221;my-1&#8243;][vc_column][vc_row_inner equal_height=&#8221;yes&#8221; content_placement=&#8221;top&#8221;][vc_column_inner el_class=&#8221;px-lg-5&#8243; width=&#8221;2/3&#8243;][vc_column_text]
<h2>ALLUMINIO VERDE: il materiale del futuro per la flessibilità tecnologica, economica circolare, riciclabilità ed efficienza energetica</h2>
[/vc_column_text][vc_message message_box_color=&#8221;alert-warning&#8221; icon_type=&#8221;openiconic&#8221; icon_openiconic=&#8221;vc-oi vc-oi-calendar-inv&#8221;]
<h5>Seconda tappa: 9 giugno | METEF ARENA PAD 32 B33</h5>
[/vc_message][vc_empty_space height=&#8221;8px&#8221;][vc_column_text]Con la<strong> transizione ecologica</strong> siamo di fronte a un passaggio che metterà ulteriormente in luce le uniche qualità del metallo leggero non solo dal punto di vista tecnico ma anche in termini di <strong>sostenibilità ambientale e sociale</strong>.</p>
<p>La rapida percezione che gli utilizzatori hanno nei confronti delle materie prime avrà conseguenze significative per il futuro del settore: da un lato, i meccanismi trasparenti di compensazione del carbonio fungeranno da potente strumento per sostenere l&#8217;immagine e il futuro dell&#8217;alluminio e potranno essere utilizzati per acquistare responsabilmente metallo con la più bassa impronta di carbonio; dall&#8217;altro, man mano che il &#8220;<strong>verde dell’alluminio</strong>&#8221; si fa strada nel mercato trainante di fascia alta, crescerà la pressione positiva indiretta sugli altri attori mondiali  del mercato ad ogni livello per intensificare il processo di decarbonizzazione di  questa nostra industria e non solo.</p>
<p>Il <strong>sistema dell’alluminio</strong> non sarà soltanto un protagonista per una transizione green attesa e pressante, ma costituirà anche <strong>un modello da seguire come esempio per realizzare questa profonda rivoluzione</strong>.</p>
<p>Gli specialisti del mondo della cultura metallurgica e tecnologica e del mondo dell’industria presenteranno i temi fondamentali sulle principali qualità dell’alluminio e le sue leghe in termini di <strong>flessibilità tecnologica, economia circolare ed ecosostenibilità</strong> per valorizzarne il suo impiego nelle diverse applicazioni finali.[/vc_column_text][vc_column_text]<a class="btn btn-lg btn-primary" href="https://www.metef.com/it/convegno-internazionale-alluminio-verde-brescia/">Programma prima tappa »</a> <a class="btn btn-lg btn-primary" href="#Programma">Programma seconda tappa »</a>[/vc_column_text][vc_empty_space height=&#8221;12px&#8221;][vc_text_separator title=&#8221;Sponsored by&#8221; title_align=&#8221;separator_align_left&#8221;][vc_column_text]<img decoding="async" loading="lazy" class="alignnone wp-image-2046" src="/public/uploads/sites/20/hydro_logo_vertical_blue-300x212.png" alt="" width="308" height="217" srcset="/public/uploads/sites/20/hydro_logo_vertical_blue-300x212.png 300w, /public/uploads/sites/20/hydro_logo_vertical_blue-768x544.png 768w, /public/uploads/sites/20/hydro_logo_vertical_blue.png 842w" sizes="(max-width: 308px) 100vw, 308px" />[/vc_column_text][vc_empty_space height=&#8221;12px&#8221;][/vc_column_inner][vc_column_inner el_class=&#8221;p-1 p-sm-3 p-lg-4 bg-darker&#8221; width=&#8221;1/3&#8243; offset=&#8221;vc_hidden-xs&#8221;][vc_wp_custommenu nav_menu=&#8221;14&#8243;][/vc_column_inner][/vc_row_inner][/vc_column][/vc_row][vc_row el_id=&#8221;Programma&#8221;][vc_column el_class=&#8221;px-lg-5&#8243;][vc_row_inner][vc_column_inner el_class=&#8221;px-lg-5&#8243;][vc_separator color=&#8221;juicy_pink&#8221;][vc_empty_space height=&#8221;12px&#8221;][vc_column_text]
<h3 style="text-align: left"><strong>Programma Convegno Internazionale sull’alluminio verde &#8211; 2a tappa<br />
9 giugno 2022 | 10.30 &#8211; 12.30<br />
</strong></h3>
[/vc_column_text][vc_column_text]Dopo la prima tappa svoltasi in Confindustria Brescia il 4 maggio altri specialisti del mondo della cultura metallurgica e tecnologica e del mondo dell’industria presenteranno i temi fondamentali sulle principali qualità dell’alluminio e le sue leghe in termini di flessibilità tecnologica, economia circolare ed ecosostenibilità per valorizzarne il suo impiego nelle diverse applicazioni finali.[/vc_column_text][/vc_column_inner][/vc_row_inner][vc_empty_space height=&#8221;12px&#8221;][vc_row_inner][vc_column_inner el_class=&#8221;px-lg-5&#8243; width=&#8221;3/4&#8243;][vc_column_text]
<h5>Le oscillazioni dei prezzi dei mercati finanziari in tempo di guerra. Il caso Alluminio. Come il Risk management può aiutare concretamente il consumatore a proteggere i propri margini</h5>
<p><em>Paolo Kauffmann – Matherika Group Sa</em>[/vc_column_text][vc_separator][vc_column_text]
<h5>Le prospettive e la competitività del sistema dell’alluminio in UE, minacce, opportunità e strategie.</h5>
<p><em>Cesare Pozzi – Università Luiss</em>[/vc_column_text][vc_separator][vc_column_text]
<h5>Green Products: Hydro REDUXA</h5>
<p><em>Cristina Espezel – Hydro Aluminium Metal Products</em>[/vc_column_text][vc_separator][vc_column_text]
<h5>Plasmare insieme un mondo sostenibile: le azioni di Novelis per promuovere la sostenibilità e la circolarità.</h5>
<p><em>Valeria Superti &#8211; Novelis Europe</em>[/vc_column_text][vc_separator][vc_column_text]
<h5>Alluminio green: metodo di calcolo della carbon footprint di prodotto certificato EPD</h5>
<p><em>Michela Scalfi e Silvia Stefani &#8211; Raffmetal</em>[/vc_column_text][vc_separator][vc_column_text]
<h5>Produzione di alluminio metallico con un nuovo sistema brevettato, senza generazione di fanghi rossi inquinanti e con abbassamento dei consumi energetici</h5>
<p><em>Tullia Zucca &#8211; Studio tecnico Ingegneria Industriale e Civile</em>[/vc_column_text][vc_separator][vc_column_text]
<h5>Approfondimenti sul riutilizzo dei sottoprodotti dell&#8217;industria dell&#8217;alluminio secondario rivolti ai settori delle energie rinnovabili e dei nuovi materiali tecnologici</h5>
<p><em>Roberto Ercoli, Alberto Renzulli &#8211; Dipartimento di Scienze Pure e Applicate, Università degli Studi di Urbino Carlo Bo</em>[/vc_column_text][/vc_column_inner][vc_column_inner width=&#8221;1/4&#8243;][/vc_column_inner][/vc_row_inner][/vc_column][/vc_row][vc_row][vc_column][vc_empty_space][/vc_column][/vc_row][vc_row][vc_column][vc_column_text]
<p style="text-align: center"><a class="btn btn-lg btn-primary my-1" href="https://eventi.senaf.it/login.php?ide=916" target="_blank" rel="noopener">Registrati e accedi al programma convegni ufficiale di METEF 2022</a></p>
[/vc_column_text][/vc_column][/vc_row]

<p>[vc_row equal_height=&#8221;yes&#8221; el_class=&#8221;my-1&#8243;][vc_column][vc_row_inner equal_height=&#8221;yes&#8221; content_placement=&#8221;top&#8221;][vc_column_inner el_class=&#8221;px-lg-5&#8243; width=&#8221;2/3&#8243;][vc_column_text] ALLUMINIO VERDE: il materiale del futuro per la flessibilità tecnologica, economica circolare, riciclabilità ed efficienza energetica [/vc_column_text][vc_message message_box_color=&#8221;alert-warning&#8221; icon_type=&#8221;openiconic&#8221; icon_openiconic=&#8221;vc-oi vc-oi-calendar-inv&#8221;] Seconda tappa: 9 giugno | METEF ARENA PAD 32 B33 [/vc_message][vc_empty_space height=&#8221;8px&#8221;][vc_column_text]Con la transizione ecologica siamo di fronte a un passaggio che metterà ulteriormente in luce le [&hellip;]</p>
