{"id":2735,"date":"2023-02-16T14:02:49","date_gmt":"2023-02-16T14:02:49","guid":{"rendered":"https:\/\/www.metef.com\/?page_id=2735"},"modified":"2023-04-17T10:50:12","modified_gmt":"2023-04-17T10:50:12","slug":"iniziative-speciali-2023","status":"publish","type":"page","link":"https:\/\/www.metef.com\/it\/iniziative-speciali-2023\/","title":{"rendered":"Iniziative speciali 2023"},"content":{"rendered":"[vc_row equal_height=&#8221;yes&#8221; el_class=&#8221;my-1&#8243;][vc_column][vc_row_inner equal_height=&#8221;yes&#8221; content_placement=&#8221;top&#8221;][vc_column_inner el_class=&#8221;py-lg-2 px-lg-5&#8243; width=&#8221;2\/3&#8243;][vc_column_text]\n<h2>SAIE Alluminio all\u2019interno di SAIE Bari<\/h2>\n[\/vc_column_text][vc_separator][vc_column_text]\n<h3><span style=\"color: #e30613\">SAIE Alluminio<\/span><\/h3>\n<p>SAIE Alluminio \u00e8 l\u2019area tematica verticale di SAIE &#8211; La Fiera delle Costruzioni: progettazione, edilizia, impianti &#8211; organizzata in collaborazione con METEF, per offrire una panoramica completa sulle soluzioni pi\u00f9 innovative e sugli impieghi dell\u2019alluminio nelle costruzioni e in campo architettonico.[\/vc_column_text][vc_column_text]<a class=\"btn btn-primary outline my-2\" href=\"https:\/\/www.metef.com\/it\/saie-alluminio\/\">Scopri di pi\u00f9 \u00bb<\/a>[\/vc_column_text][vc_empty_space][vc_empty_space][vc_empty_space][vc_column_text]\n<h2>Percorso Alluminio by Metef all&#8217;interno di MECSPE<\/h2>\n[\/vc_column_text][vc_separator][vc_column_text]\n<h3><span style=\"color: #e30613\">Aluminium Energy Summit<\/span><\/h3>\n<p>All\u2019interno del Cuore Mostra, durante la terza giornata di MECSPE, l\u2019Alluminio Energy Summit affronter\u00e0 tematiche relative al possibile futuro delle produzioni di metalli primari e alla conservazione dei contenuti energetici attraverso il recupero e riciclo.[\/vc_column_text][vc_message message_box_color=&#8221;alert-success&#8221; icon_fontawesome=&#8221;far fa-clock&#8221;]\n<h6 style=\"text-align: center\"><i>Il Summit si terr\u00e0 Venerd\u00ec 31 Marzo alle ore 10.00 all&#8217;interno del Cuore mostra della manifestazione MECSPE<\/i><\/h6>\n[\/vc_message][vc_column_text]<a class=\"btn btn-primary outline my-2\" href=\"https:\/\/www.metef.com\/it\/aluminium-energy-summit-2023\/\">Scopri di pi\u00f9 \u00bb<\/a>[\/vc_column_text][vc_separator][vc_column_text]\n<h3><span style=\"color: #e30613\">Premio Internazionale Innovazione<br \/>\n<\/span><\/h3>\n<p>Un\u2019iniziativa organizzata da Metef, consolidata da oltre un decennio per valorizzare i contenuti innovativi proposti dalle aziende del comparto alluminio.<br \/>\nI contenuti d\u2019innovazione saranno valutati in base al grado di originalit\u00e0 e di novit\u00e0, alle peculiarit\u00e0 prestazionali ed ai vantaggi competitivi che sono in grado di offrire, privilegiando anche gli aspetti di risparmio energetico, ecosostenibilit\u00e0 e salvaguardia delle risorse contenuti nelle proposte. Un premio speciale sar\u00e0 inoltre assegnato ai progetti di decarbonizzazione del sistema azienda nel suo complesso.[\/vc_column_text][vc_message message_box_color=&#8221;alert-success&#8221; icon_fontawesome=&#8221;far fa-clock&#8221;]\n<h6 style=\"text-align: center\"><i>La premiazione avverr\u00e0 il giorno 31 marzo alle ore 12.00 presso il CUORE MOSTRA della manifestazione MECSPE<\/i><\/h6>\n[\/vc_message][vc_column_text]<a class=\"btn btn-primary outline my-2\" href=\"https:\/\/www.metef.com\/it\/premio-innovazione-2023\/\">Scopri di pi\u00f9 \u00bb<\/a>[\/vc_column_text][vc_separator][vc_column_text]\n<h3><span style=\"color: #e30613\">Additive manufacturing in lega di alluminio<br \/>\n<\/span><\/h3>\n<p>Il tema dell\u2019Additive manufacturing in leghe di alluminio sar\u00e0 trattato da WEAREAM, il nuovo Centro di Competenza per l\u2019implementazione delle Tecnologie e Servizi Additivi nel mondo dell\u2019Industria e della Value Chain e Produttiva.[\/vc_column_text][vc_message message_box_color=&#8221;alert-success&#8221; icon_fontawesome=&#8221;far fa-clock&#8221;]\n<h6 style=\"text-align: center\"><i>L&#8217;iniziativa\u00a0 avverr\u00e0 il giorno 31 marzo alle ore 14.00 presso il Pad. 36 Stand. B94 all&#8217;interno dell&#8217;Arena Additive Manufacturing della manifestazione MECSPE<\/i><\/h6>\n[\/vc_message][vc_column_text]<a class=\"btn btn-primary outline my-2\" href=\"https:\/\/www.metef.com\/it\/additive-manufacturing-lega-alluminio\/\">Scopri di pi\u00f9 \u00bb<\/a>[\/vc_column_text][vc_separator][vc_column_text]\n<h3><span style=\"color: #e30613\">Alleggerimento per una mobilita\u2019 sostenibile<\/span><\/h3>\n<p>L\u2019Universit\u00e0 degli Studi di Bologna, coinvolta nel Centro nazionale per la mobilit\u00e0 sostenibile &#8211; MOST, presenta le ricerche in atto sui materiali innovativi e l\u2019alleggerimento.<\/p>\n<p><a class=\"btn btn-primary outline my-2\" href=\"https:\/\/www.metef.com\/it\/alleggerimento-mobilita-sostenibile\/\">Scopri di pi\u00f9 \u00bb<\/a>[\/vc_column_text][vc_message message_box_color=&#8221;alert-success&#8221; icon_fontawesome=&#8221;far fa-clock&#8221;]\n<h6 style=\"text-align: center\"><i>L&#8217;iniziativa avverr\u00e0 il giorno 29 marzo alle ore 15.30 presso il CUORE MOSTRA della manifestazione MECSPE, in occasione del &#8220;Forum Italo-Tedesco: 2035 e la filiera Automotiv&#8221;.<\/i><\/h6>\n[\/vc_message][vc_separator][vc_column_text]\n<h3><span style=\"color: #e30613\">FACE \u2013 federazione dei consumatori di alluminio in europa<\/span><\/h3>\n<p>FACE, la Federazione dei Consumatori di Alluminio in Europa, rappresenta e difende le piccole e medie imprese del settore.<\/p>\n<p><a class=\"btn btn-primary outline my-2\" href=\"https:\/\/www.metef.com\/it\/face-federazione-consumatori-alluminio-europa\/\">Scopri di pi\u00f9 \u00bb<\/a>[\/vc_column_text][\/vc_column_inner][vc_column_inner el_class=&#8221;p-1 p-sm-3 p-lg-4 bg-darker&#8221; width=&#8221;1\/3&#8243;][vc_single_image image=&#8221;2763&#8243; img_size=&#8221;medium&#8221; alignment=&#8221;center&#8221;][vc_separator color=&#8221;juicy_pink&#8221;][vc_column_text][\/vc_column_text][vc_wp_custommenu nav_menu=&#8221;14&#8243;][\/vc_column_inner][\/vc_row_inner][\/vc_column][\/vc_row][vc_row][vc_column][vc_column_text][\/vc_column_text][\/vc_column][\/vc_row]\n","protected":false},"excerpt":{"rendered":"<p>[vc_row equal_height=&#8221;yes&#8221; el_class=&#8221;my-1&#8243;][vc_column][vc_row_inner equal_height=&#8221;yes&#8221; content_placement=&#8221;top&#8221;][vc_column_inner el_class=&#8221;py-lg-2 px-lg-5&#8243; width=&#8221;2\/3&#8243;][vc_column_text] SAIE Alluminio all\u2019interno di SAIE Bari [\/vc_column_text][vc_separator][vc_column_text] SAIE Alluminio SAIE Alluminio \u00e8 l\u2019area tematica verticale di SAIE &#8211; La Fiera delle Costruzioni: progettazione, edilizia, impianti &#8211; organizzata in collaborazione con METEF, per offrire una panoramica completa sulle soluzioni pi\u00f9 innovative e sugli impieghi dell\u2019alluminio nelle costruzioni e [&hellip;]<\/p>\n","protected":false},"author":12,"featured_media":0,"parent":0,"menu_order":0,"comment_status":"closed","ping_status":"closed","template":"","meta":[],"acf":[],"aioseo_notices":[],"_links":{"self":[{"href":"https:\/\/www.metef.com\/it\/wp-json\/wp\/v2\/pages\/2735"}],"collection":[{"href":"https:\/\/www.metef.com\/it\/wp-json\/wp\/v2\/pages"}],"about":[{"href":"https:\/\/www.metef.com\/it\/wp-json\/wp\/v2\/types\/page"}],"author":[{"embeddable":true,"href":"https:\/\/www.metef.com\/it\/wp-json\/wp\/v2\/users\/12"}],"replies":[{"embeddable":true,"href":"https:\/\/www.metef.com\/it\/wp-json\/wp\/v2\/comments?post=2735"}],"version-history":[{"count":2,"href":"https:\/\/www.metef.com\/it\/wp-json\/wp\/v2\/pages\/2735\/revisions"}],"predecessor-version":[{"id":2968,"href":"https:\/\/www.metef.com\/it\/wp-json\/wp\/v2\/pages\/2735\/revisions\/2968"}],"wp:attachment":[{"href":"https:\/\/www.metef.com\/it\/wp-json\/wp\/v2\/media?parent=2735"}],"curies":[{"name":"wp","href":"https:\/\/api.w.org\/{rel}","templated":true}]}}

[vc_row equal_height=&#8221;yes&#8221; el_class=&#8221;my-1&#8243;][vc_column][vc_row_inner equal_height=&#8221;yes&#8221; content_placement=&#8221;top&#8221;][vc_column_inner el_class=&#8221;py-lg-2 px-lg-5&#8243; width=&#8221;2/3&#8243;][vc_column_text]
<h2>SAIE Alluminio all’interno di SAIE Bari</h2>
[/vc_column_text][vc_separator][vc_column_text]
<h3><span style="color: #e30613">SAIE Alluminio</span></h3>
<p>SAIE Alluminio è l’area tematica verticale di SAIE &#8211; La Fiera delle Costruzioni: progettazione, edilizia, impianti &#8211; organizzata in collaborazione con METEF, per offrire una panoramica completa sulle soluzioni più innovative e sugli impieghi dell’alluminio nelle costruzioni e in campo architettonico.[/vc_column_text][vc_column_text]<a class="btn btn-primary outline my-2" href="https://www.metef.com/it/saie-alluminio/">Scopri di più »</a>[/vc_column_text][vc_empty_space][vc_empty_space][vc_empty_space][vc_column_text]
<h2>Percorso Alluminio by Metef all&#8217;interno di MECSPE</h2>
[/vc_column_text][vc_separator][vc_column_text]
<h3><span style="color: #e30613">Aluminium Energy Summit</span></h3>
<p>All’interno del Cuore Mostra, durante la terza giornata di MECSPE, l’Alluminio Energy Summit affronterà tematiche relative al possibile futuro delle produzioni di metalli primari e alla conservazione dei contenuti energetici attraverso il recupero e riciclo.[/vc_column_text][vc_message message_box_color=&#8221;alert-success&#8221; icon_fontawesome=&#8221;far fa-clock&#8221;]
<h6 style="text-align: center"><i>Il Summit si terrà Venerdì 31 Marzo alle ore 10.00 all&#8217;interno del Cuore mostra della manifestazione MECSPE</i></h6>
[/vc_message][vc_column_text]<a class="btn btn-primary outline my-2" href="https://www.metef.com/it/aluminium-energy-summit-2023/">Scopri di più »</a>[/vc_column_text][vc_separator][vc_column_text]
<h3><span style="color: #e30613">Premio Internazionale Innovazione<br />
</span></h3>
<p>Un’iniziativa organizzata da Metef, consolidata da oltre un decennio per valorizzare i contenuti innovativi proposti dalle aziende del comparto alluminio.<br />
I contenuti d’innovazione saranno valutati in base al grado di originalità e di novità, alle peculiarità prestazionali ed ai vantaggi competitivi che sono in grado di offrire, privilegiando anche gli aspetti di risparmio energetico, ecosostenibilità e salvaguardia delle risorse contenuti nelle proposte. Un premio speciale sarà inoltre assegnato ai progetti di decarbonizzazione del sistema azienda nel suo complesso.[/vc_column_text][vc_message message_box_color=&#8221;alert-success&#8221; icon_fontawesome=&#8221;far fa-clock&#8221;]
<h6 style="text-align: center"><i>La premiazione avverrà il giorno 31 marzo alle ore 12.00 presso il CUORE MOSTRA della manifestazione MECSPE</i></h6>
[/vc_message][vc_column_text]<a class="btn btn-primary outline my-2" href="https://www.metef.com/it/premio-innovazione-2023/">Scopri di più »</a>[/vc_column_text][vc_separator][vc_column_text]
<h3><span style="color: #e30613">Additive manufacturing in lega di alluminio<br />
</span></h3>
<p>Il tema dell’Additive manufacturing in leghe di alluminio sarà trattato da WEAREAM, il nuovo Centro di Competenza per l’implementazione delle Tecnologie e Servizi Additivi nel mondo dell’Industria e della Value Chain e Produttiva.[/vc_column_text][vc_message message_box_color=&#8221;alert-success&#8221; icon_fontawesome=&#8221;far fa-clock&#8221;]
<h6 style="text-align: center"><i>L&#8217;iniziativa  avverrà il giorno 31 marzo alle ore 14.00 presso il Pad. 36 Stand. B94 all&#8217;interno dell&#8217;Arena Additive Manufacturing della manifestazione MECSPE</i></h6>
[/vc_message][vc_column_text]<a class="btn btn-primary outline my-2" href="https://www.metef.com/it/additive-manufacturing-lega-alluminio/">Scopri di più »</a>[/vc_column_text][vc_separator][vc_column_text]
<h3><span style="color: #e30613">Alleggerimento per una mobilita’ sostenibile</span></h3>
<p>L’Università degli Studi di Bologna, coinvolta nel Centro nazionale per la mobilità sostenibile &#8211; MOST, presenta le ricerche in atto sui materiali innovativi e l’alleggerimento.</p>
<p><a class="btn btn-primary outline my-2" href="https://www.metef.com/it/alleggerimento-mobilita-sostenibile/">Scopri di più »</a>[/vc_column_text][vc_message message_box_color=&#8221;alert-success&#8221; icon_fontawesome=&#8221;far fa-clock&#8221;]
<h6 style="text-align: center"><i>L&#8217;iniziativa avverrà il giorno 29 marzo alle ore 15.30 presso il CUORE MOSTRA della manifestazione MECSPE, in occasione del &#8220;Forum Italo-Tedesco: 2035 e la filiera Automotiv&#8221;.</i></h6>
[/vc_message][vc_separator][vc_column_text]
<h3><span style="color: #e30613">FACE – federazione dei consumatori di alluminio in europa</span></h3>
<p>FACE, la Federazione dei Consumatori di Alluminio in Europa, rappresenta e difende le piccole e medie imprese del settore.</p>
<p><a class="btn btn-primary outline my-2" href="https://www.metef.com/it/face-federazione-consumatori-alluminio-europa/">Scopri di più »</a>[/vc_column_text][/vc_column_inner][vc_column_inner el_class=&#8221;p-1 p-sm-3 p-lg-4 bg-darker&#8221; width=&#8221;1/3&#8243;][vc_single_image image=&#8221;2763&#8243; img_size=&#8221;medium&#8221; alignment=&#8221;center&#8221;][vc_separator color=&#8221;juicy_pink&#8221;][vc_column_text][/vc_column_text][vc_wp_custommenu nav_menu=&#8221;14&#8243;][/vc_column_inner][/vc_row_inner][/vc_column][/vc_row][vc_row][vc_column][vc_column_text][/vc_column_text][/vc_column][/vc_row]

<p>[vc_row equal_height=&#8221;yes&#8221; el_class=&#8221;my-1&#8243;][vc_column][vc_row_inner equal_height=&#8221;yes&#8221; content_placement=&#8221;top&#8221;][vc_column_inner el_class=&#8221;py-lg-2 px-lg-5&#8243; width=&#8221;2/3&#8243;][vc_column_text] SAIE Alluminio all’interno di SAIE Bari [/vc_column_text][vc_separator][vc_column_text] SAIE Alluminio SAIE Alluminio è l’area tematica verticale di SAIE &#8211; La Fiera delle Costruzioni: progettazione, edilizia, impianti &#8211; organizzata in collaborazione con METEF, per offrire una panoramica completa sulle soluzioni più innovative e sugli impieghi dell’alluminio nelle costruzioni e [&hellip;]</p>
