{"id":31,"date":"2022-01-19T16:16:29","date_gmt":"2022-01-19T16:16:29","guid":{"rendered":"http:\/\/www.metef.com\/?page_id=31"},"modified":"2024-06-21T06:47:02","modified_gmt":"2024-06-21T06:47:02","slug":"perche-visitare","status":"publish","type":"page","link":"https:\/\/www.metef.com\/it\/perche-visitare\/","title":{"rendered":"Perch\u00e9 visitare"},"content":{"rendered":"[vc_row equal_height=&#8221;yes&#8221; el_class=&#8221;my-1&#8243;][vc_column][vc_row_inner equal_height=&#8221;yes&#8221; content_placement=&#8221;top&#8221;][vc_column_inner el_class=&#8221;py-lg-2 px-lg-5&#8243; width=&#8221;2\/3&#8243;][vc_column_text]\n<h2>Visita Metef a Bologna!<\/h2>\n<p class=\"subtitle\">Scopri tutte le novit\u00e0 dell\u2019intera filiera industriale dell\u2019alluminio.<\/p>\n<p>Non perdere l\u2019occasione di visitare <strong>dal 5 all\u20197 marzo 2025<\/strong> la tredicesima edizione di <strong>METEF<\/strong>, la <strong>fiera internazionale per la filiera dell\u2019alluminio<\/strong>.[\/vc_column_text][vc_separator align=&#8221;align_left&#8221; el_width=&#8221;90&#8243;][vc_column_text css_animation=&#8221;fadeInLeft&#8221;]\n<h4><strong><em>Partecipare a Metef significa:<\/em><\/strong><\/h4>\n<ul>\n<li><strong>Incontrare<\/strong> in modo efficiente ed efficace tutti <strong>i fornitori della filiera<\/strong>, con l\u2019opportunit\u00e0 di individuare le soluzioni per rendere pi\u00f9 sostenibile il proprio segmento di attivit\u00e0;<\/li>\n<li><strong>Confrontarsi con gli ultimi sviluppi di innovazione tecnologica e di marketing<\/strong>, in un contesto di updated business con i trend emergenti nel mercato dell\u2019alluminio;<\/li>\n<li><strong>Amplificare le occasioni di business<\/strong> grazie alla contemporaneit\u00e0 con MECSPE, la fiera di riferimento italiana dedicata all\u2019industria manifatturiera<\/li>\n<\/ul>\n<p><a class=\"btn btn-lg btn-primary my-1\" title=\"Le aree merceologiche\" href=\"\/it\/le-aree-merceologiche\/\">Scopri le aree merceologiche<\/a>[\/vc_column_text][\/vc_column_inner][vc_column_inner el_class=&#8221;p-1 p-sm-3 p-lg-4 bg-darker&#8221; width=&#8221;1\/3&#8243;][vc_single_image image=&#8221;9&#8243; img_size=&#8221;medium&#8221; alignment=&#8221;center&#8221;][vc_column_text]\n<h5 class=\"mt-0\" style=\"text-align: center\">BolognaFiere<\/h5>\n[\/vc_column_text][vc_separator color=&#8221;black&#8221;][vc_column_text]\n<h3 class=\"mt-0\">Informazioni\u00a0utili<\/h3>\n[\/vc_column_text][vc_wp_custommenu nav_menu=&#8221;13&#8243;][\/vc_column_inner][\/vc_row_inner][\/vc_column][\/vc_row][vc_row equal_height=&#8221;yes&#8221; el_class=&#8221;my-1 bg-gray&#8221;][vc_column][vc_row_inner equal_height=&#8221;yes&#8221; content_placement=&#8221;top&#8221;][vc_column_inner el_class=&#8221;col-img&#8221; width=&#8221;1\/3&#8243; css=&#8221;.vc_custom_1642693991722{background-image: url(\/public\/uploads\/sites\/20\/img-default-scaled.jpg?id=83) !important;background-position: center !important;background-repeat: no-repeat !important;background-size: cover !important;}&#8221;][\/vc_column_inner][vc_column_inner el_class=&#8221;py-lg-2 px-lg-5&#8243; width=&#8221;2\/3&#8243;][vc_column_text]\n<h3 class=\"mt-2\">La filiera dell&#8217;alluminio in fiera<\/h3>\n<p><strong>METEF<\/strong> rappresenta in Italia l&#8217;unico punto di riferimento della <strong>filiera industriale dell\u2019alluminio<\/strong>: dai materiali grezzi, primari e provenienti dal riciclo, alle macchine, attrezzature, impianti di produzione e trasformazione, ai produttori di semilavorati, getti e prodotti finiti nei settori della pressocolata, fonderia a gravit\u00e0 e bassa pressione, estrusione, laminazione e stampaggio, fino alle lavorazioni meccaniche, assemblaggi, finiture e alle tecnologie per il riciclo.<\/p>\n<p><a class=\"btn btn-lg btn-primary my-1\" title=\"Le aree merceologiche\" href=\"\/it\/le-aree-merceologiche\/\">Scopri le aree merceologiche<\/a> <a class=\"btn btn-lg btn-primary my-2\" href=\"\/it\/contatti\">Organizza la tua visita<\/a>[\/vc_column_text][\/vc_column_inner][\/vc_row_inner][\/vc_column][\/vc_row]\n","protected":false},"excerpt":{"rendered":"<p>[vc_row equal_height=&#8221;yes&#8221; el_class=&#8221;my-1&#8243;][vc_column][vc_row_inner equal_height=&#8221;yes&#8221; content_placement=&#8221;top&#8221;][vc_column_inner el_class=&#8221;py-lg-2 px-lg-5&#8243; width=&#8221;2\/3&#8243;][vc_column_text] Visita Metef a Bologna! Scopri tutte le novit\u00e0 dell\u2019intera filiera industriale dell\u2019alluminio. Non perdere l\u2019occasione di visitare dal 5 all\u20197 marzo 2025 la tredicesima edizione di METEF, la fiera internazionale per la filiera dell\u2019alluminio.[\/vc_column_text][vc_separator align=&#8221;align_left&#8221; el_width=&#8221;90&#8243;][vc_column_text css_animation=&#8221;fadeInLeft&#8221;] Partecipare a Metef significa: Incontrare in modo efficiente ed efficace [&hellip;]<\/p>\n","protected":false},"author":1,"featured_media":3746,"parent":0,"menu_order":0,"comment_status":"closed","ping_status":"closed","template":"","meta":[],"acf":[],"aioseo_notices":[],"_links":{"self":[{"href":"https:\/\/www.metef.com\/it\/wp-json\/wp\/v2\/pages\/31"}],"collection":[{"href":"https:\/\/www.metef.com\/it\/wp-json\/wp\/v2\/pages"}],"about":[{"href":"https:\/\/www.metef.com\/it\/wp-json\/wp\/v2\/types\/page"}],"author":[{"embeddable":true,"href":"https:\/\/www.metef.com\/it\/wp-json\/wp\/v2\/users\/1"}],"replies":[{"embeddable":true,"href":"https:\/\/www.metef.com\/it\/wp-json\/wp\/v2\/comments?post=31"}],"version-history":[{"count":4,"href":"https:\/\/www.metef.com\/it\/wp-json\/wp\/v2\/pages\/31\/revisions"}],"predecessor-version":[{"id":4220,"href":"https:\/\/www.metef.com\/it\/wp-json\/wp\/v2\/pages\/31\/revisions\/4220"}],"wp:featuredmedia":[{"embeddable":true,"href":"https:\/\/www.metef.com\/it\/wp-json\/wp\/v2\/media\/3746"}],"wp:attachment":[{"href":"https:\/\/www.metef.com\/it\/wp-json\/wp\/v2\/media?parent=31"}],"curies":[{"name":"wp","href":"https:\/\/api.w.org\/{rel}","templated":true}]}}

Perché visitare

[vc_row equal_height=&#8221;yes&#8221; el_class=&#8221;my-1&#8243;][vc_column][vc_row_inner equal_height=&#8221;yes&#8221; content_placement=&#8221;top&#8221;][vc_column_inner el_class=&#8221;py-lg-2 px-lg-5&#8243; width=&#8221;2/3&#8243;][vc_column_text]
<h2>Visita Metef a Bologna!</h2>
<p class="subtitle">Scopri tutte le novità dell’intera filiera industriale dell’alluminio.</p>
<p>Non perdere l’occasione di visitare <strong>dal 5 all’7 marzo 2025</strong> la tredicesima edizione di <strong>METEF</strong>, la <strong>fiera internazionale per la filiera dell’alluminio</strong>.[/vc_column_text][vc_separator align=&#8221;align_left&#8221; el_width=&#8221;90&#8243;][vc_column_text css_animation=&#8221;fadeInLeft&#8221;]
<h4><strong><em>Partecipare a Metef significa:</em></strong></h4>
<ul>
<li><strong>Incontrare</strong> in modo efficiente ed efficace tutti <strong>i fornitori della filiera</strong>, con l’opportunità di individuare le soluzioni per rendere più sostenibile il proprio segmento di attività;</li>
<li><strong>Confrontarsi con gli ultimi sviluppi di innovazione tecnologica e di marketing</strong>, in un contesto di updated business con i trend emergenti nel mercato dell’alluminio;</li>
<li><strong>Amplificare le occasioni di business</strong> grazie alla contemporaneità con MECSPE, la fiera di riferimento italiana dedicata all’industria manifatturiera</li>
</ul>
<p><a class="btn btn-lg btn-primary my-1" title="Le aree merceologiche" href="/it/le-aree-merceologiche/">Scopri le aree merceologiche</a>[/vc_column_text][/vc_column_inner][vc_column_inner el_class=&#8221;p-1 p-sm-3 p-lg-4 bg-darker&#8221; width=&#8221;1/3&#8243;][vc_single_image image=&#8221;9&#8243; img_size=&#8221;medium&#8221; alignment=&#8221;center&#8221;][vc_column_text]
<h5 class="mt-0" style="text-align: center">BolognaFiere</h5>
[/vc_column_text][vc_separator color=&#8221;black&#8221;][vc_column_text]
<h3 class="mt-0">Informazioni utili</h3>
[/vc_column_text][vc_wp_custommenu nav_menu=&#8221;13&#8243;][/vc_column_inner][/vc_row_inner][/vc_column][/vc_row][vc_row equal_height=&#8221;yes&#8221; el_class=&#8221;my-1 bg-gray&#8221;][vc_column][vc_row_inner equal_height=&#8221;yes&#8221; content_placement=&#8221;top&#8221;][vc_column_inner el_class=&#8221;col-img&#8221; width=&#8221;1/3&#8243; css=&#8221;.vc_custom_1642693991722{background-image: url(/public/uploads/sites/20/img-default-scaled.jpg?id=83) !important;background-position: center !important;background-repeat: no-repeat !important;background-size: cover !important;}&#8221;][/vc_column_inner][vc_column_inner el_class=&#8221;py-lg-2 px-lg-5&#8243; width=&#8221;2/3&#8243;][vc_column_text]
<h3 class="mt-2">La filiera dell&#8217;alluminio in fiera</h3>
<p><strong>METEF</strong> rappresenta in Italia l&#8217;unico punto di riferimento della <strong>filiera industriale dell’alluminio</strong>: dai materiali grezzi, primari e provenienti dal riciclo, alle macchine, attrezzature, impianti di produzione e trasformazione, ai produttori di semilavorati, getti e prodotti finiti nei settori della pressocolata, fonderia a gravità e bassa pressione, estrusione, laminazione e stampaggio, fino alle lavorazioni meccaniche, assemblaggi, finiture e alle tecnologie per il riciclo.</p>
<p><a class="btn btn-lg btn-primary my-1" title="Le aree merceologiche" href="/it/le-aree-merceologiche/">Scopri le aree merceologiche</a> <a class="btn btn-lg btn-primary my-2" href="/it/contatti">Organizza la tua visita</a>[/vc_column_text][/vc_column_inner][/vc_row_inner][/vc_column][/vc_row]

<p>[vc_row equal_height=&#8221;yes&#8221; el_class=&#8221;my-1&#8243;][vc_column][vc_row_inner equal_height=&#8221;yes&#8221; content_placement=&#8221;top&#8221;][vc_column_inner el_class=&#8221;py-lg-2 px-lg-5&#8243; width=&#8221;2/3&#8243;][vc_column_text] Visita Metef a Bologna! Scopri tutte le novità dell’intera filiera industriale dell’alluminio. Non perdere l’occasione di visitare dal 5 all’7 marzo 2025 la tredicesima edizione di METEF, la fiera internazionale per la filiera dell’alluminio.[/vc_column_text][vc_separator align=&#8221;align_left&#8221; el_width=&#8221;90&#8243;][vc_column_text css_animation=&#8221;fadeInLeft&#8221;] Partecipare a Metef significa: Incontrare in modo efficiente ed efficace [&hellip;]</p>
